{"id":16,"date":"2011-08-02T17:17:57","date_gmt":"2011-08-02T17:17:57","guid":{"rendered":"http:\/\/regionalhumanrights.org\/az\/?page_id=16"},"modified":"2011-12-18T17:17:38","modified_gmt":"2011-12-18T13:17:38","slug":"%c9%99laq%c9%99","status":"publish","type":"page","link":"http:\/\/regionalhumanrights.org\/az\/?page_id=16","title":{"rendered":"S\u0259n\u0259dl\u0259r"},"content":{"rendered":"<p><a href=\"http:\/\/regionalhumanrights.org\/az\/wp-content\/uploads\/2011\/08\/\u00dczvl\u00fck-\u00fc\u00e7\u00fcn-anket.doc\">\u00dczvl\u00fck \u00fc\u00e7\u00fcn anket<\/a><\/p>\n<p><a href=\"http:\/\/regionalhumanrights.org\/az\/wp-content\/uploads\/2011\/08\/\u00dczvl\u00fck-\u00fc\u00e7\u00fcn-\u0259riz\u02591.doc\">\u00dczvl\u00fck \u00fc\u00e7\u00fcn \u0259riz\u0259<\/a><\/p>\n<p><a href=\"http:\/\/regionalhumanrights.org\/az\/wp-content\/uploads\/2011\/08\/Kurslara-q\u0259bul-\u00fc\u00e7\u00fcn-\u0259ziz\u0259.doc\">Kurslara q\u0259bul \u00fc\u00e7\u00fcn \u0259riz\u0259<\/a><\/p>\n","protected":false},"excerpt":{"rendered":"<p>\u00dczvl\u00fck \u00fc\u00e7\u00fcn anket \u00dczvl\u00fck \u00fc\u00e7\u00fcn \u0259riz\u0259 Kurslara q\u0259bul \u00fc\u00e7\u00fcn \u0259riz\u0259<\/p>\n","protected":false},"author":1,"featured_media":0,"parent":0,"menu_order":0,"comment_status":"closed","ping_status":"closed","template":"","meta":{"footnotes":""},"_links":{"self":[{"href":"http:\/\/regionalhumanrights.org\/az\/index.php?rest_route=\/wp\/v2\/pages\/16"}],"collection":[{"href":"http:\/\/regionalhumanrights.org\/az\/index.php?rest_route=\/wp\/v2\/pages"}],"about":[{"href":"http:\/\/regionalhumanrights.org\/az\/index.php?rest_route=\/wp\/v2\/types\/page"}],"author":[{"embeddable":true,"href":"http:\/\/regionalhumanrights.org\/az\/index.php?rest_route=\/wp\/v2\/users\/1"}],"replies":[{"embeddable":true,"href":"http:\/\/regionalhumanrights.org\/az\/index.php?rest_route=%2Fwp%2Fv2%2Fcomments&post=16"}],"version-history":[{"count":8,"href":"http:\/\/regionalhumanrights.org\/az\/index.php?rest_route=\/wp\/v2\/pages\/16\/revisions"}],"predecessor-version":[{"id":664,"href":"http:\/\/regionalhumanrights.org\/az\/index.php?rest_route=\/wp\/v2\/pages\/16\/revisions\/664"}],"wp:attachment":[{"href":"http:\/\/regionalhumanrights.org\/az\/index.php?rest_route=%2Fwp%2Fv2%2Fmedia&parent=16"}],"curies":[{"name":"wp","href":"https:\/\/api.w.org\/{rel}","templated":true}]}}

Sənədlər

<p><a href="http://regionalhumanrights.org/az/wp-content/uploads/2011/08/Üzvlük-üçün-anket.doc">Üzvlük üçün anket</a></p>
<p><a href="http://regionalhumanrights.org/az/wp-content/uploads/2011/08/Üzvlük-üçün-ərizə1.doc">Üzvlük üçün ərizə</a></p>
<p><a href="http://regionalhumanrights.org/az/wp-content/uploads/2011/08/Kurslara-qəbul-üçün-əzizə.doc">Kurslara qəbul üçün ərizə</a></p>

<p>Üzvlük üçün anket Üzvlük üçün ərizə Kurslara qəbul üçün ərizə</p>
